{"id":3508,"date":"2025-11-28T08:42:48","date_gmt":"2025-11-28T07:42:48","guid":{"rendered":"https:\/\/memoriahistorica.educacion.navarra.es\/ezkaba\/"},"modified":"2025-11-28T08:42:48","modified_gmt":"2025-11-28T07:42:48","slug":"ezkaba","status":"publish","type":"page","link":"https:\/\/memoriahistorica.educacion.navarra.es\/eu\/ezkaba\/","title":{"rendered":"Ezkaba"},"content":{"rendered":"\n<p><strong>Miguel Goikoetxeandiaren <\/strong>lana, <strong>Iluna Produkzioek <\/strong>aurkeztuta.<\/p>\n\n<figure class=\"wp-block-image size-large is-resized\"><img loading=\"lazy\" src=\"https:\/\/memoriahistorica.educacion.navarra.es\/wp-content\/uploads\/2023\/10\/image0txiki-1024x724.jpg\" alt=\"\" class=\"wp-image-3010\" width=\"437\" height=\"308\" srcset=\"https:\/\/memoriahistorica.educacion.navarra.es\/wp-content\/uploads\/2023\/10\/image0txiki-1024x724.jpg 1024w, https:\/\/memoriahistorica.educacion.navarra.es\/wp-content\/uploads\/2023\/10\/image0txiki-300x212.jpg 300w, https:\/\/memoriahistorica.educacion.navarra.es\/wp-content\/uploads\/2023\/10\/image0txiki-768x543.jpg 768w, https:\/\/memoriahistorica.educacion.navarra.es\/wp-content\/uploads\/2023\/10\/image0txiki-1536x1087.jpg 1536w, https:\/\/memoriahistorica.educacion.navarra.es\/wp-content\/uploads\/2023\/10\/image0txiki.jpg 1883w\" sizes=\"(max-width: 437px) 100vw, 437px\" \/><\/figure>\n<figure class=\"wp-block-table is-style-stripes\"><table><tbody><tr><td><strong>FITXA ARTISTIKOA<\/strong><\/td><\/tr><tr><td><strong>Egilea eta zuzendaria:<\/strong>\u00a0Miguel Goikoetxeand\u00eda<\/td><\/tr><tr><td><strong>Antzezleak:<\/strong> Marta Ju\u00e1niz, Ana Berrade, Raquel S\u00e1nchez, David Larrea eta Miguel Goikoetxeand\u00eda<\/td><\/tr><tr><td><strong>Koreografia: <\/strong>Arantxa Villanueva<\/td><\/tr><tr><td><strong>Argiztapena eta soinua:<\/strong>Ion Martinkorena<\/td><\/tr><tr><td><strong>Iraupena<\/strong>: 65 minutu<\/td><\/tr><\/tbody><\/table><\/figure>\n<p><strong>SINOPSIA<\/strong>:<\/p>\n\n<p>Eta harresiek eta hildakoek hitz egingo balute?<\/p>\n\n<p>Penalaren memoria biztanle bakoitzarena da, familiena, historiarena, itxaropenena eta ilusio trunkatuena. Bere hormak, bere arropa eta oroitzapenekin eraikita daude. Preso bat zenbaki bat besterik ez da, bizkar busti bat, Manterola txokolate zatitxo bat, ur zikineko botila bat, dilista edo garbantzu batekin, zorutik bildutako hariak dituen zigarro bat 12ren artean partekatuta, zeru zati bat, matxinada bat, gutun anputatu bat eta abitaminosiak edo &#8220;bihotz-gelditzeak&#8221; eragindako heriotza bat. Hormak eta hezurrak besterik ez daude.<\/p>\n\n<p>Baina, eta harresiek eta hildakoek hitz egingo balute?<\/p>\n\n<figure class=\"wp-block-embed is-type-video is-provider-youtube wp-block-embed-youtube wp-embed-aspect-16-9 wp-has-aspect-ratio\"><div class=\"wp-block-embed__wrapper\">\r\n<span class=\"embed-youtube\" style=\"text-align:center; display: block;\"><iframe loading=\"lazy\" class=\"youtube-player\" width=\"640\" height=\"360\" src=\"https:\/\/www.youtube.com\/embed\/QDQf9WNtsbY?version=3&#038;rel=1&#038;showsearch=0&#038;showinfo=1&#038;iv_load_policy=1&#038;fs=1&#038;hl=eu&#038;autohide=2&#038;wmode=transparent\" allowfullscreen=\"true\" style=\"border:0;\" sandbox=\"allow-scripts allow-same-origin allow-popups allow-presentation\"><\/iframe><\/span>\r\n<\/div><\/figure><br>\n","protected":false},"excerpt":{"rendered":"<p>Miguel Goikoetxeandiaren lana, Iluna Produkzioek aurkeztuta. FITXA ARTISTIKOA Egilea eta zuzendaria:\u00a0Miguel Goikoetxeand\u00eda Antzezleak: Marta Ju\u00e1niz, Ana Berrade, Raquel S\u00e1nchez, David Larrea eta Miguel Goikoetxeand\u00eda Koreografia: Arantxa Villanueva Argiztapena eta soinua:Ion Martinkorena Iraupena: 65 minutu SINOPSIA: Eta harresiek eta hildakoek hitz egingo balute? Penalaren memoria biztanle bakoitzarena da, familiena, historiarena, itxaropenena eta ilusio trunkatuena. Bere hormak, [&hellip;]<\/p>\n","protected":false},"author":5,"featured_media":0,"parent":0,"menu_order":0,"comment_status":"closed","ping_status":"closed","template":"","meta":{"_genesis_hide_title":false,"_genesis_hide_breadcrumbs":false,"_genesis_hide_singular_image":false,"_genesis_hide_footer_widgets":false,"_genesis_custom_body_class":"","_genesis_custom_post_class":"","_genesis_layout":"","jetpack_post_was_ever_published":false},"jetpack_sharing_enabled":true,"jetpack_shortlink":"https:\/\/wp.me\/P8hF6h-UA","jetpack_likes_enabled":true,"_links":{"self":[{"href":"https:\/\/memoriahistorica.educacion.navarra.es\/eu\/wp-json\/wp\/v2\/pages\/3508"}],"collection":[{"href":"https:\/\/memoriahistorica.educacion.navarra.es\/eu\/wp-json\/wp\/v2\/pages"}],"about":[{"href":"https:\/\/memoriahistorica.educacion.navarra.es\/eu\/wp-json\/wp\/v2\/types\/page"}],"author":[{"embeddable":true,"href":"https:\/\/memoriahistorica.educacion.navarra.es\/eu\/wp-json\/wp\/v2\/users\/5"}],"replies":[{"embeddable":true,"href":"https:\/\/memoriahistorica.educacion.navarra.es\/eu\/wp-json\/wp\/v2\/comments?post=3508"}],"version-history":[{"count":1,"href":"https:\/\/memoriahistorica.educacion.navarra.es\/eu\/wp-json\/wp\/v2\/pages\/3508\/revisions"}],"predecessor-version":[{"id":3509,"href":"https:\/\/memoriahistorica.educacion.navarra.es\/eu\/wp-json\/wp\/v2\/pages\/3508\/revisions\/3509"}],"wp:attachment":[{"href":"https:\/\/memoriahistorica.educacion.navarra.es\/eu\/wp-json\/wp\/v2\/media?parent=3508"}],"curies":[{"name":"wp","href":"https:\/\/api.w.org\/{rel}","templated":true}]}}

<p><strong>Miguel Goikoetxeandiaren </strong>lana, <strong>Iluna Produkzioek </strong>aurkeztuta.</p>

<figure class="wp-block-image size-large is-resized"><img loading="lazy" src="https://memoriahistorica.educacion.navarra.es/wp-content/uploads/2023/10/image0txiki-1024x724.jpg" alt="" class="wp-image-3010" width="437" height="308" srcset="https://memoriahistorica.educacion.navarra.es/wp-content/uploads/2023/10/image0txiki-1024x724.jpg 1024w, https://memoriahistorica.educacion.navarra.es/wp-content/uploads/2023/10/image0txiki-300x212.jpg 300w, https://memoriahistorica.educacion.navarra.es/wp-content/uploads/2023/10/image0txiki-768x543.jpg 768w, https://memoriahistorica.educacion.navarra.es/wp-content/uploads/2023/10/image0txiki-1536x1087.jpg 1536w, https://memoriahistorica.educacion.navarra.es/wp-content/uploads/2023/10/image0txiki.jpg 1883w" sizes="(max-width: 437px) 100vw, 437px" /></figure>
<figure class="wp-block-table is-style-stripes"><table><tbody><tr><td><strong>FITXA ARTISTIKOA</strong></td></tr><tr><td><strong>Egilea eta zuzendaria:</strong> Miguel Goikoetxeandía</td></tr><tr><td><strong>Antzezleak:</strong> Marta Juániz, Ana Berrade, Raquel Sánchez, David Larrea eta Miguel Goikoetxeandía</td></tr><tr><td><strong>Koreografia: </strong>Arantxa Villanueva</td></tr><tr><td><strong>Argiztapena eta soinua:</strong>Ion Martinkorena</td></tr><tr><td><strong>Iraupena</strong>: 65 minutu</td></tr></tbody></table></figure>
<p><strong>SINOPSIA</strong>:</p>

<p>Eta harresiek eta hildakoek hitz egingo balute?</p>

<p>Penalaren memoria biztanle bakoitzarena da, familiena, historiarena, itxaropenena eta ilusio trunkatuena. Bere hormak, bere arropa eta oroitzapenekin eraikita daude. Preso bat zenbaki bat besterik ez da, bizkar busti bat, Manterola txokolate zatitxo bat, ur zikineko botila bat, dilista edo garbantzu batekin, zorutik bildutako hariak dituen zigarro bat 12ren artean partekatuta, zeru zati bat, matxinada bat, gutun anputatu bat eta abitaminosiak edo &#8220;bihotz-gelditzeak&#8221; eragindako heriotza bat. Hormak eta hezurrak besterik ez daude.</p>

<p>Baina, eta harresiek eta hildakoek hitz egingo balute?</p>

<figure class="wp-block-embed is-type-video is-provider-youtube wp-block-embed-youtube wp-embed-aspect-16-9 wp-has-aspect-ratio"><div class="wp-block-embed__wrapper">
<span class="embed-youtube" style="text-align:center; display: block;"><iframe loading="lazy" class="youtube-player" width="640" height="360" src="https://www.youtube.com/embed/QDQf9WNtsbY?version=3&#038;rel=1&#038;showsearch=0&#038;showinfo=1&#038;iv_load_policy=1&#038;fs=1&#038;hl=eu&#038;autohide=2&#038;wmode=transparent" allowfullscreen="true" style="border:0;" sandbox="allow-scripts allow-same-origin allow-popups allow-presentation"></iframe></span>
</div></figure><br>

<p>Miguel Goikoetxeandiaren lana, Iluna Produkzioek aurkeztuta. FITXA ARTISTIKOA Egilea eta zuzendaria: Miguel Goikoetxeandía Antzezleak: Marta Juániz, Ana Berrade, Raquel Sánchez, David Larrea eta Miguel Goikoetxeandía Koreografia: Arantxa Villanueva Argiztapena eta soinua:Ion Martinkorena Iraupena: 65 minutu SINOPSIA: Eta harresiek eta hildakoek hitz egingo balute? Penalaren memoria biztanle bakoitzarena da, familiena, historiarena, itxaropenena eta ilusio trunkatuena. Bere hormak, [&hellip;]</p>
