{"id":3480,"date":"2025-11-05T12:47:02","date_gmt":"2025-11-05T11:47:02","guid":{"rendered":"https:\/\/memoriahistorica.educacion.navarra.es\/balkoi-atzean-emakume-kantari\/"},"modified":"2025-11-28T08:32:47","modified_gmt":"2025-11-28T07:32:47","slug":"balkoi-atzean-emakume-kantari","status":"publish","type":"page","link":"https:\/\/memoriahistorica.educacion.navarra.es\/eu\/balkoi-atzean-emakume-kantari\/","title":{"rendered":"Balkoi atzean emakumeak kantari"},"content":{"rendered":"\n<figure class=\"wp-block-image size-large is-resized\"><img loading=\"lazy\" src=\"https:\/\/memoriahistorica.educacion.navarra.es\/wp-content\/uploads\/2025\/11\/CARTEL-BALCON-LOGOS-EUSKERA-v2-baja-724x1024.jpg\" alt=\"\" class=\"wp-image-3505\" width=\"255\" height=\"360\" srcset=\"https:\/\/memoriahistorica.educacion.navarra.es\/wp-content\/uploads\/2025\/11\/CARTEL-BALCON-LOGOS-EUSKERA-v2-baja-724x1024.jpg 724w, https:\/\/memoriahistorica.educacion.navarra.es\/wp-content\/uploads\/2025\/11\/CARTEL-BALCON-LOGOS-EUSKERA-v2-baja-212x300.jpg 212w, https:\/\/memoriahistorica.educacion.navarra.es\/wp-content\/uploads\/2025\/11\/CARTEL-BALCON-LOGOS-EUSKERA-v2-baja-768x1086.jpg 768w, https:\/\/memoriahistorica.educacion.navarra.es\/wp-content\/uploads\/2025\/11\/CARTEL-BALCON-LOGOS-EUSKERA-v2-baja.jpg 886w\" sizes=\"(max-width: 255px) 100vw, 255px\" \/><\/figure>\n\n\n\n<p><strong>Boga-Boga Produkzioen<\/strong> ikuskizuna<\/p>\n\n\n\n<figure class=\"wp-block-table is-style-stripes\"><table><tbody><tr><td><strong>FITXA ARTISTIKOA<\/strong><\/td><\/tr><tr><td><strong>Sormena eta Dramaturgia<\/strong>: Adriana Salvo<\/td><\/tr><tr><td><strong>Antzezleak<\/strong>: Adriana Salvo, Xabier Salvo, Javier Salvo, Jare Salvo (kolaborazio berezia)<\/td><\/tr><tr><td><strong>Aholkularitza artistikoa<\/strong>:&nbsp;Mikele Urroz<\/td><\/tr><tr><td><strong>Objektuen aholkularitza<\/strong>:&nbsp;Shadai Larios<\/td><\/tr><tr><td><strong>Aholkularitza dramaturgikoa<\/strong>: Mar\u00eda Velasco<\/td><\/tr><tr><td><strong>Ekoizpena<\/strong>: Luc\u00eda Ezker y Boga-Boga<\/td><\/tr><tr><td><strong>Argitzapena<\/strong>: David Vernu\u00e9s<\/td><\/tr><tr><td><strong>Eszenografia<\/strong>: Zenzerro<\/td><\/tr><tr><td><strong>Proiekzioak<\/strong>:&nbsp;Acr\u00f3nica Producciones<\/td><\/tr><tr><td><strong>Irudi grafikoa<\/strong>: Sandra Vallejo<\/td><\/tr><tr><td><strong>Komunikazioa<\/strong>: Carolina Otamendi. Paip\u00e1i design<\/td><\/tr><tr><td><strong>Iraupena:<\/strong> 65 minutu<\/td><\/tr><tr><td><strong>Proposamen didaktikoa dago eskuragarri<\/strong><\/td><\/tr><\/tbody><\/table><\/figure>\n\n\n\n<p><strong>SINOPSIA<\/strong><\/p>\n\n\n\n<p><strong>Amona;<\/strong><\/p>\n\n\n\n<p><strong>Zer abesti kantatzen zenituen gaztetan? Nolakoak ziren egiten zenituen antzezlanak? Zein pertsonaiak?&#8230;<\/strong><\/p>\n\n\n\n<p>Aktore batek ezagutu ez zuen amonarekin hizketan ari da. Ulertu nahi du nola izan zen bere auzokideak publikoa bihurtzea eta sukaldea eszenatoki, gerra ostean. Galdetzeak gogorarazteko balio dio, eta horrela deskubrituko du zer dagoen bere amonaz beregan: emakume belaunaldi hartaz gu guztiongan. <\/p>\n\n\n\n<p>Autobiografia, dokumentu-antzerkia eta objektu-antzerkia hibrido perfektua dira ipuin, antzerki edo agian kontzertu bat izan litekeen adierazpenari egindako oda honetarako.<\/p>\n\n\n\n<figure class=\"wp-block-embed is-type-video is-provider-youtube wp-block-embed-youtube wp-embed-aspect-16-9 wp-has-aspect-ratio\"><div class=\"wp-block-embed__wrapper\">\n<span class=\"embed-youtube\" style=\"text-align:center; display: block;\"><iframe loading=\"lazy\" class=\"youtube-player\" width=\"640\" height=\"360\" src=\"https:\/\/www.youtube.com\/embed\/apo25hNS7v4?version=3&#038;rel=1&#038;showsearch=0&#038;showinfo=1&#038;iv_load_policy=1&#038;fs=1&#038;hl=eu&#038;autohide=2&#038;wmode=transparent\" allowfullscreen=\"true\" style=\"border:0;\" sandbox=\"allow-scripts allow-same-origin allow-popups allow-presentation\"><\/iframe><\/span>\n<\/div><\/figure>\n","protected":false},"excerpt":{"rendered":"<p>Boga-Boga Produkzioen ikuskizuna FITXA ARTISTIKOA Sormena eta Dramaturgia: Adriana Salvo Antzezleak: Adriana Salvo, Xabier Salvo, Javier Salvo, Jare Salvo (kolaborazio berezia) Aholkularitza artistikoa:&nbsp;Mikele Urroz Objektuen aholkularitza:&nbsp;Shadai Larios Aholkularitza dramaturgikoa: Mar\u00eda Velasco Ekoizpena: Luc\u00eda Ezker y Boga-Boga Argitzapena: David Vernu\u00e9s Eszenografia: Zenzerro Proiekzioak:&nbsp;Acr\u00f3nica Producciones Irudi grafikoa: Sandra Vallejo Komunikazioa: Carolina Otamendi. Paip\u00e1i design Iraupena: 65 minutu [&hellip;]<\/p>\n","protected":false},"author":5,"featured_media":0,"parent":0,"menu_order":0,"comment_status":"closed","ping_status":"closed","template":"","meta":{"_genesis_hide_title":false,"_genesis_hide_breadcrumbs":false,"_genesis_hide_singular_image":false,"_genesis_hide_footer_widgets":false,"_genesis_custom_body_class":"","_genesis_custom_post_class":"","_genesis_layout":"","jetpack_post_was_ever_published":false},"jetpack_sharing_enabled":true,"jetpack_shortlink":"https:\/\/wp.me\/P8hF6h-U8","jetpack_likes_enabled":true,"_links":{"self":[{"href":"https:\/\/memoriahistorica.educacion.navarra.es\/eu\/wp-json\/wp\/v2\/pages\/3480"}],"collection":[{"href":"https:\/\/memoriahistorica.educacion.navarra.es\/eu\/wp-json\/wp\/v2\/pages"}],"about":[{"href":"https:\/\/memoriahistorica.educacion.navarra.es\/eu\/wp-json\/wp\/v2\/types\/page"}],"author":[{"embeddable":true,"href":"https:\/\/memoriahistorica.educacion.navarra.es\/eu\/wp-json\/wp\/v2\/users\/5"}],"replies":[{"embeddable":true,"href":"https:\/\/memoriahistorica.educacion.navarra.es\/eu\/wp-json\/wp\/v2\/comments?post=3480"}],"version-history":[{"count":4,"href":"https:\/\/memoriahistorica.educacion.navarra.es\/eu\/wp-json\/wp\/v2\/pages\/3480\/revisions"}],"predecessor-version":[{"id":3507,"href":"https:\/\/memoriahistorica.educacion.navarra.es\/eu\/wp-json\/wp\/v2\/pages\/3480\/revisions\/3507"}],"wp:attachment":[{"href":"https:\/\/memoriahistorica.educacion.navarra.es\/eu\/wp-json\/wp\/v2\/media?parent=3480"}],"curies":[{"name":"wp","href":"https:\/\/api.w.org\/{rel}","templated":true}]}}

<figure class="wp-block-image size-large is-resized"><img loading="lazy" src="https://memoriahistorica.educacion.navarra.es/wp-content/uploads/2025/11/CARTEL-BALCON-LOGOS-EUSKERA-v2-baja-724x1024.jpg" alt="" class="wp-image-3505" width="255" height="360" srcset="https://memoriahistorica.educacion.navarra.es/wp-content/uploads/2025/11/CARTEL-BALCON-LOGOS-EUSKERA-v2-baja-724x1024.jpg 724w, https://memoriahistorica.educacion.navarra.es/wp-content/uploads/2025/11/CARTEL-BALCON-LOGOS-EUSKERA-v2-baja-212x300.jpg 212w, https://memoriahistorica.educacion.navarra.es/wp-content/uploads/2025/11/CARTEL-BALCON-LOGOS-EUSKERA-v2-baja-768x1086.jpg 768w, https://memoriahistorica.educacion.navarra.es/wp-content/uploads/2025/11/CARTEL-BALCON-LOGOS-EUSKERA-v2-baja.jpg 886w" sizes="(max-width: 255px) 100vw, 255px" /></figure>



<p><strong>Boga-Boga Produkzioen</strong> ikuskizuna</p>



<figure class="wp-block-table is-style-stripes"><table><tbody><tr><td><strong>FITXA ARTISTIKOA</strong></td></tr><tr><td><strong>Sormena eta Dramaturgia</strong>: Adriana Salvo</td></tr><tr><td><strong>Antzezleak</strong>: Adriana Salvo, Xabier Salvo, Javier Salvo, Jare Salvo (kolaborazio berezia)</td></tr><tr><td><strong>Aholkularitza artistikoa</strong>:&nbsp;Mikele Urroz</td></tr><tr><td><strong>Objektuen aholkularitza</strong>:&nbsp;Shadai Larios</td></tr><tr><td><strong>Aholkularitza dramaturgikoa</strong>: María Velasco</td></tr><tr><td><strong>Ekoizpena</strong>: Lucía Ezker y Boga-Boga</td></tr><tr><td><strong>Argitzapena</strong>: David Vernués</td></tr><tr><td><strong>Eszenografia</strong>: Zenzerro</td></tr><tr><td><strong>Proiekzioak</strong>:&nbsp;Acrónica Producciones</td></tr><tr><td><strong>Irudi grafikoa</strong>: Sandra Vallejo</td></tr><tr><td><strong>Komunikazioa</strong>: Carolina Otamendi. Paipái design</td></tr><tr><td><strong>Iraupena:</strong> 65 minutu</td></tr><tr><td><strong>Proposamen didaktikoa dago eskuragarri</strong></td></tr></tbody></table></figure>



<p><strong>SINOPSIA</strong></p>



<p><strong>Amona;</strong></p>



<p><strong>Zer abesti kantatzen zenituen gaztetan? Nolakoak ziren egiten zenituen antzezlanak? Zein pertsonaiak?&#8230;</strong></p>



<p>Aktore batek ezagutu ez zuen amonarekin hizketan ari da. Ulertu nahi du nola izan zen bere auzokideak publikoa bihurtzea eta sukaldea eszenatoki, gerra ostean. Galdetzeak gogorarazteko balio dio, eta horrela deskubrituko du zer dagoen bere amonaz beregan: emakume belaunaldi hartaz gu guztiongan. </p>



<p>Autobiografia, dokumentu-antzerkia eta objektu-antzerkia hibrido perfektua dira ipuin, antzerki edo agian kontzertu bat izan litekeen adierazpenari egindako oda honetarako.</p>



<figure class="wp-block-embed is-type-video is-provider-youtube wp-block-embed-youtube wp-embed-aspect-16-9 wp-has-aspect-ratio"><div class="wp-block-embed__wrapper">
<span class="embed-youtube" style="text-align:center; display: block;"><iframe loading="lazy" class="youtube-player" width="640" height="360" src="https://www.youtube.com/embed/apo25hNS7v4?version=3&#038;rel=1&#038;showsearch=0&#038;showinfo=1&#038;iv_load_policy=1&#038;fs=1&#038;hl=eu&#038;autohide=2&#038;wmode=transparent" allowfullscreen="true" style="border:0;" sandbox="allow-scripts allow-same-origin allow-popups allow-presentation"></iframe></span>
</div></figure>

<p>Boga-Boga Produkzioen ikuskizuna FITXA ARTISTIKOA Sormena eta Dramaturgia: Adriana Salvo Antzezleak: Adriana Salvo, Xabier Salvo, Javier Salvo, Jare Salvo (kolaborazio berezia) Aholkularitza artistikoa:&nbsp;Mikele Urroz Objektuen aholkularitza:&nbsp;Shadai Larios Aholkularitza dramaturgikoa: María Velasco Ekoizpena: Lucía Ezker y Boga-Boga Argitzapena: David Vernués Eszenografia: Zenzerro Proiekzioak:&nbsp;Acrónica Producciones Irudi grafikoa: Sandra Vallejo Komunikazioa: Carolina Otamendi. Paipái design Iraupena: 65 minutu [&hellip;]</p>
