{"id":2282,"date":"2021-11-08T09:15:02","date_gmt":"2021-11-08T08:15:02","guid":{"rendered":"https:\/\/memoriahistorica.educacion.navarra.es\/goyena-arraiza-emilia\/"},"modified":"2023-10-11T11:04:30","modified_gmt":"2023-10-11T09:04:30","slug":"goyena-arraiza-emilia","status":"publish","type":"page","link":"https:\/\/memoriahistorica.educacion.navarra.es\/eu\/goyena-arraiza-emilia\/","title":{"rendered":"Goyena Arraiza, Emilia"},"content":{"rendered":"\n<figure class=\"wp-block-image size-full is-resized\"><img loading=\"lazy\" src=\"https:\/\/memoriahistorica.educacion.navarra.es\/wp-content\/uploads\/2021\/11\/Emilia.jpg\" alt=\"\" class=\"wp-image-2187\" width=\"187\" height=\"263\" \/><\/figure>\n\n\n\n<p><strong>Miguel Munarrizen<\/strong> lana, <strong>La Nave Teatro<\/strong> konpainiak aurkeztuta.<\/p>\n\n\n\n<figure class=\"wp-block-table is-style-stripes\"><table><tbody><tr><td><strong>FITXA ARTISTIKOA<\/strong><\/td><\/tr><tr><td><strong>Egilea<\/strong>: Miguel Mun\u00e1rriz<\/td><\/tr><tr><td><strong>Antzezleak:<\/strong> Marta Ju\u00e1niz, Uxue Olazar\u00e1n, Maite Mejail, Jos\u00e9 M\u00aa As\u00edn, Ra\u00fal Urriza, Pablo Ruiz de Gauna eta Javier Chocarro.<\/td><\/tr><tr><td><strong>Zuzendaritza-laguntzailea:<\/strong> Javier Ju\u00e1niz.<\/td><\/tr><tr><td><strong>Dokumentazioa eta aholkularitza:<\/strong> Juan Andr\u00e9s Pastor.<\/td><\/tr><tr><td><strong>Iraupena:<\/strong> 80 minutu.<\/td><\/tr><\/tbody><\/table><\/figure>\n\n\n\n<p><strong>SINOPSIA<\/strong>:<\/p>\n\n\n\n<p>Nafarroan, familia-plangintzaren prozesuei eta emakumearen erreboltari buruz idatzi zuen lehen emakumea izan zen Emilia Goyena. 1936ko uztailaren 18ko kolpe militarraren biktima, ganbara batean ezkutatuta bizi izan zen bost hilabetez, ama, aita eta anaia bakarra fusilatu eta areka batean bota zituzten bitartean. Argentinan erbesteratua, 103 urte zituela hil zen, &#8220;Emakumeak gizartean duen paperaz&#8221; idazteari utzi gabe eta atzean utzitako izugarrikeria inoiz kontatu gabe. Lizarrakoa zen\u2026<\/p>\n\n\n\n<figure class=\"wp-block-embed is-type-video is-provider-youtube wp-block-embed-youtube wp-embed-aspect-16-9 wp-has-aspect-ratio\"><div class=\"wp-block-embed__wrapper\">\n<span class=\"embed-youtube\" style=\"text-align:center; display: block;\"><iframe loading=\"lazy\" class=\"youtube-player\" width=\"640\" height=\"360\" src=\"https:\/\/www.youtube.com\/embed\/SDYoT3FnCm4?version=3&#038;rel=1&#038;showsearch=0&#038;showinfo=1&#038;iv_load_policy=1&#038;fs=1&#038;hl=eu&#038;autohide=2&#038;wmode=transparent\" allowfullscreen=\"true\" style=\"border:0;\" sandbox=\"allow-scripts allow-same-origin allow-popups allow-presentation\"><\/iframe><\/span>\n<\/div><\/figure>\n","protected":false},"excerpt":{"rendered":"<p>Miguel Munarrizen lana, La Nave Teatro konpainiak aurkeztuta. FITXA ARTISTIKOA Egilea: Miguel Mun\u00e1rriz Antzezleak: Marta Ju\u00e1niz, Uxue Olazar\u00e1n, Maite Mejail, Jos\u00e9 M\u00aa As\u00edn, Ra\u00fal Urriza, Pablo Ruiz de Gauna eta Javier Chocarro. Zuzendaritza-laguntzailea: Javier Ju\u00e1niz. Dokumentazioa eta aholkularitza: Juan Andr\u00e9s Pastor. Iraupena: 80 minutu. SINOPSIA: Nafarroan, familia-plangintzaren prozesuei eta emakumearen erreboltari buruz idatzi zuen lehen [&hellip;]<\/p>\n","protected":false},"author":5,"featured_media":0,"parent":0,"menu_order":0,"comment_status":"closed","ping_status":"closed","template":"","meta":{"_genesis_hide_title":false,"_genesis_hide_breadcrumbs":false,"_genesis_hide_singular_image":false,"_genesis_hide_footer_widgets":false,"_genesis_custom_body_class":"","_genesis_custom_post_class":"","_genesis_layout":"","jetpack_post_was_ever_published":false},"jetpack_sharing_enabled":true,"jetpack_shortlink":"https:\/\/wp.me\/P8hF6h-AO","jetpack_likes_enabled":true,"_links":{"self":[{"href":"https:\/\/memoriahistorica.educacion.navarra.es\/eu\/wp-json\/wp\/v2\/pages\/2282"}],"collection":[{"href":"https:\/\/memoriahistorica.educacion.navarra.es\/eu\/wp-json\/wp\/v2\/pages"}],"about":[{"href":"https:\/\/memoriahistorica.educacion.navarra.es\/eu\/wp-json\/wp\/v2\/types\/page"}],"author":[{"embeddable":true,"href":"https:\/\/memoriahistorica.educacion.navarra.es\/eu\/wp-json\/wp\/v2\/users\/5"}],"replies":[{"embeddable":true,"href":"https:\/\/memoriahistorica.educacion.navarra.es\/eu\/wp-json\/wp\/v2\/comments?post=2282"}],"version-history":[{"count":4,"href":"https:\/\/memoriahistorica.educacion.navarra.es\/eu\/wp-json\/wp\/v2\/pages\/2282\/revisions"}],"predecessor-version":[{"id":3040,"href":"https:\/\/memoriahistorica.educacion.navarra.es\/eu\/wp-json\/wp\/v2\/pages\/2282\/revisions\/3040"}],"wp:attachment":[{"href":"https:\/\/memoriahistorica.educacion.navarra.es\/eu\/wp-json\/wp\/v2\/media?parent=2282"}],"curies":[{"name":"wp","href":"https:\/\/api.w.org\/{rel}","templated":true}]}}

<figure class="wp-block-image size-full is-resized"><img loading="lazy" src="https://memoriahistorica.educacion.navarra.es/wp-content/uploads/2021/11/Emilia.jpg" alt="" class="wp-image-2187" width="187" height="263" /></figure>



<p><strong>Miguel Munarrizen</strong> lana, <strong>La Nave Teatro</strong> konpainiak aurkeztuta.</p>



<figure class="wp-block-table is-style-stripes"><table><tbody><tr><td><strong>FITXA ARTISTIKOA</strong></td></tr><tr><td><strong>Egilea</strong>: Miguel Munárriz</td></tr><tr><td><strong>Antzezleak:</strong> Marta Juániz, Uxue Olazarán, Maite Mejail, José Mª Asín, Raúl Urriza, Pablo Ruiz de Gauna eta Javier Chocarro.</td></tr><tr><td><strong>Zuzendaritza-laguntzailea:</strong> Javier Juániz.</td></tr><tr><td><strong>Dokumentazioa eta aholkularitza:</strong> Juan Andrés Pastor.</td></tr><tr><td><strong>Iraupena:</strong> 80 minutu.</td></tr></tbody></table></figure>



<p><strong>SINOPSIA</strong>:</p>



<p>Nafarroan, familia-plangintzaren prozesuei eta emakumearen erreboltari buruz idatzi zuen lehen emakumea izan zen Emilia Goyena. 1936ko uztailaren 18ko kolpe militarraren biktima, ganbara batean ezkutatuta bizi izan zen bost hilabetez, ama, aita eta anaia bakarra fusilatu eta areka batean bota zituzten bitartean. Argentinan erbesteratua, 103 urte zituela hil zen, &#8220;Emakumeak gizartean duen paperaz&#8221; idazteari utzi gabe eta atzean utzitako izugarrikeria inoiz kontatu gabe. Lizarrakoa zen…</p>



<figure class="wp-block-embed is-type-video is-provider-youtube wp-block-embed-youtube wp-embed-aspect-16-9 wp-has-aspect-ratio"><div class="wp-block-embed__wrapper">
<span class="embed-youtube" style="text-align:center; display: block;"><iframe loading="lazy" class="youtube-player" width="640" height="360" src="https://www.youtube.com/embed/SDYoT3FnCm4?version=3&#038;rel=1&#038;showsearch=0&#038;showinfo=1&#038;iv_load_policy=1&#038;fs=1&#038;hl=eu&#038;autohide=2&#038;wmode=transparent" allowfullscreen="true" style="border:0;" sandbox="allow-scripts allow-same-origin allow-popups allow-presentation"></iframe></span>
</div></figure>

<p>Miguel Munarrizen lana, La Nave Teatro konpainiak aurkeztuta. FITXA ARTISTIKOA Egilea: Miguel Munárriz Antzezleak: Marta Juániz, Uxue Olazarán, Maite Mejail, José Mª Asín, Raúl Urriza, Pablo Ruiz de Gauna eta Javier Chocarro. Zuzendaritza-laguntzailea: Javier Juániz. Dokumentazioa eta aholkularitza: Juan Andrés Pastor. Iraupena: 80 minutu. SINOPSIA: Nafarroan, familia-plangintzaren prozesuei eta emakumearen erreboltari buruz idatzi zuen lehen [&hellip;]</p>
